84
Calculate the remainder when 8996848 is divided by 1153.
1142
Calculate the remainder when 61752948 is divided by 10.
8
What is the remainder when 20781810 is divided by 537?
447
Calculate the remainder when 50697 is divided by 859.
16
Calculate the remainder when 301562 is divided by 2145.
1262
Calculate the remainder when 154649 is divided by 265.
154
What is the remainder when 19833838 is divided by 90?
88
Calculate the remainder when 1364484 is divided by 2599.
9
Calculate the remainder when 1884000 is divided by 5943.
69
What is the remainder when 105760464 is divided by 124?
120
What is the remainder when 279302 is divided by 24?
14
What is the remainder when 111299 is divided by 3643?
2009
Calculate the remainder when 1568731 is divided by 196085.
51
Calculate the remainder when 4145506 is divided by 1823.
4
What is the remainder when 175005 is divided by 589?
72
Calculate the remainder when 13286761 is divided by 13.
7
Calculate the remainder when 1151186 is divided by 76744.
26
What is the remainder when 36872027 is divided by 18436008?
11
Calculate the remainder when 261976 is divided by 29098.
94
What is the remainder when 5246974 is divided by 88?
62
What is the remainder when 25623 is divided by 1208?
255
Calculate the remainder when 163810 is divided by 3283.
2943
What is the remainder when 173395561 is divided by 763?
759
What is the remainder when 328818 is divided by 2301?
2076
Calculate the remainder when 12500287 is divided by 1283.
18
Calculate the remainder when 15400154 is divided by 3236.
30
Calculate the remainder when 164172 is divided by 32613.
1107
What is the remainder when 3657606 is divided by 919?
905
Calculate the remainder when 40693725 is divided by 696.
693
What is the remainder when 15203925 is divided by 73?
69
What is the remainder when 120227895 is divided by 758?
757
Calculate the remainder when 60658 is divided by 3661.
2082
What is the remainder when 85947 is divided by 841?
165
What is the remainder when 165769592 is divided by 4587?
4586
Calculate the remainder when 22303664 is divided by 4053.
5
What is the remainder when 14292137 is divided by 78962?
15
What is the remainder when 72317714 is divided by 197?
196
Calculate the remainder when 8550512 is divided by 14.
12
Calculate the remainder when 8389646 is divided by 63080.
6
What is the remainder when 30324143 is divided by 13580?
3
Calculate the remainder when 46620 is divided by 508.
392
What is the remainder when 332358 is divided by 203?
47
Calculate the remainder when 272638 is divided by 13628.
78
Calculate the remainder when 149248 is divided by 282.
70
Calculate the remainder when 4458503 is divided by 1485824.
1031
What is the remainder when 4215535 is divided by 3335?
95
What is the remainder when 3500026 is divided by 43?
41
What is the remainder when 64076 is divided by 44?
12
What is the remainder when 15449020 is divided by 1034?
26
Calculate the remainder when 128546 is divided by 31.
20
What is the remainder when 20575592 is divided by 10287714?
164
Calculate the remainder when 511843874 is divided by 8614.
8608
Calculate the remainder when 108712 is divided by 21739.
17
What is the remainder when 35897366 is divided by 8974339?
10
Calculate the remainder when 14900514 is divided by 9278.
46
What is the remainder when 273368 is divided by 273349?
19
What is the remainder when 1145168 is divided by 492?
284
Calculate the remainder when 84483 is divided by 4882.
1489
Calculate the remainder when 512445 is divided by 85406.
9
Calculate the remainder when 948370 is divided by 129.
91
Calculate the remainder when 144495 is divided by 18022.
319
What is the remainder when 588268 is divided by 667?
641
What is the remainder when 383799 is divided by 62?
19
What is the remainder when 2176856 is divided by 144?
8
Calculate the remainder when 58201449 is divided by 606.
603
What is the remainder when 72168 is divided by 483?
201
What is the remainder when 39536 is divided by 12323?
2567
What is the remainder when 3103428 is divided by 1034465?
33
Calculate the remainder when 7352045 is divided by 407.
404
Calculate the remainder when 164058 is divided by 55.
48
Calculate the remainder when 14760648 is divided by 71.
32
What is the remainder when 509929646 is divided by 1052?
1050
Calculate the remainder when 9930506 is divided by 271.
253
What is the remainder when 11455 is divided by 4424?
2607
What is the remainder when 1743334 is divided by 174?
28
What is the remainder when 487450 is divided by 348?
250
What is the remainder when 62966 is divided by 31479?
8
Calculate the remainder when 3403777 is divided by 12288.
1
Calculate the remainder when 175572 is divided by 87479.
614
What is the remainder when 4532866 is divided by 4?
2
Calculate the remainder when 632537 is divided by 316259.
19
What is the remainder when 146923829 is divided by 73461905?
19
Calculate the remainder when 2628620 is divided by 835.
40
Calculate the remainder when 9203249 is divided by 18081.
20
Calculate the remainder when 7159397 is divided by 2386464.
5
What is the remainder when 848306168 is divided by 391?
388
Calculate the remainder when 47762 is divided by 23847.
68
Calculate the remainder when 294244 is divided by 407.
390
Calculate the remainder when 2306097 is divided by 181.
157
Calculate the remainder when 15850 is divided by 3180.
3130
Calculate the remainder when 171387 is divided by 33176.
5507
What is the remainder when 751717 is divided by 23?
8
Calculate the remainder when 115004925 is divided by 128.
125
Calculate the remainder when 33379 is divided by 16628.
123
Calculate the remainder when 6962432 is divided by 2320807.
11
What is the remainder when 1092475 is divided by 997?
760
Calculate the remainder when 784161 is divided by 784151.
10
What is the remainder when 334174 is divided by 385?
379
What is the remainder when 894725 is divided by 298229?
38
What is the remainder when 15294321 is divided by 1259?
1248
Calculate the remainder when 51279 is divided by 48064.
3215
What is the remainder when 37365 is divided by 1674?
537
Calculate the remainder when 2622812 is divided by 524513.
247
What is the remainder when 136985 is divided by 44720?
2825
What is the remainder when 25203003 is divided by 7918?
9
Calculate the remainder when 102705 is divided by 14645.
190
What is the remainder when 1813210877 is divided by 6?
5
What is the remainder when 1433225 is divided by 477735?
20
What is the remainder when 433993 is divided by 11099?
1132
What is the remainder when 95116 is divided by 31424?
844
What is the remainder when 2683774 is divided by 964?
962
Calculate the remainder when 5505129 is divided by 579.
576
What is the remainder when 914009 is divided by 2291?
2191
Calculate the remainder when 1928842 is divided by 60271.
170
Calculate the remainder when 794933 is divided by 496.
341
What is the remainder when 43642 is divided by 9402?
6034
What is the remainder when 3648863 is divided by 465?
8
Calculate the remainder when 45939657 is divided by 620806.
13
Calculate the remainder when 31866796 is divided by 6650.
6646
What is the remainder when 212269 is divided by 1992?
1117
What is the remainder when 2875918 is divided by 56?
38
What is the remainder when 4554855 is divided by 17?
11
Calculate the remainder when 2614809 is divided by 511.
22
Calculate the remainder when 27211347 is divided by 47.
39
Calculate the remainder when 730234 is divided by 2289.
43
Calculate the remainder when 205131927 is divided by 31.
29
What is the remainder when 581706 is divided by 1788?
606
What is the remainder when 8109519 is divided by 53003?
60
Calculate the remainder when 9774381 is divided by 759.
738
Calculate the remainder when 9310204 is divided by 9310204.
0
What is the remainder when 8765 is divided by 4140?
485
What is the remainder when 350664 is divided by 420?
384
Calculate the remainder when 44113742 is divided by 475.
17
Calculate the remainder when 65856 is divided by 65339.
517
What is the remainder when 472679 is divided by 31511?
14
Calculate the remainder when 1053864 is divided by 351284.
12
What is the remainder when 113690 is divided by 18936?
74
What is the remainder when 4239528 is divided by 2817?
2760
What is the r